0221
-4c3f3f (base 16) to base 9
-10355441
610214 (base 7) to base 3
12020202212
8fea5e (base 16) to base 3
122202011210020
What is 76758 (base 10) in base 6?
1351210
100000001100001101 (base 2) to base 16
2030d
10403300 (base 5) to base 13
325ba
-240785 (base 13) to base 2
-11010001100000001010
416505 (base 8) to base 15
2b0ca
What is 1211102011002 (base 3) in base 6?
32502432
Convert -16db3 (base 15) to base 11.
-50634
What is -353e2 (base 16) in base 12?
-a6256
What is 486b (base 12) in base 10?
8147
-1000120010211 (base 3) to base 12
-221b27
Convert -10433111 (base 5) to base 16.
-16aea
What is 54bdcb (base 14) in base 7?
33304644
Convert -a7b29a (base 14) to base 7.
-66155353
907a6 (base 11) to base 16
2067c
What is -2251550 (base 6) in base 12?
-56bb6
-a495b (base 12) to base 13
-771c8
Convert -2006226 (base 7) to base 11.
-152466
Convert 3032025 (base 7) to base 3.
200100000000
-bc4558 (base 13) to base 14
-836c05
-107859 (base 11) to base 16
-29d88
Convert 3550320 (base 8) to base 15.
142a5a
What is -10000010010001111011 (base 2) in base 6?
-15234255
What is -3431304133 (base 5) in base 2?
-11101010011011100000001
What is 5757b4 (base 13) in base 14?
3bbc8b
Convert -156373 (base 9) to base 16.
-17919
Convert 115220 (base 6) to base 3.
112001010
-32734641 (base 8) to base 2
-11010111011100110100001
Convert 249a2 (base 12) to base 2.
1100001010001010
2b457 (base 13) to base 11
566aa
Convert 26761a5 (base 11) to base 15.
613de2
18d4849 (base 15) to base 6
1444441223
What is -2a6215 (base 16) in base 7?
-32416010
-15166145 (base 8) to base 12
-11b3205
-32102404 (base 5) to base 6
-5433504
Convert -4366c3 (base 14) to base 2.
-1000101101101101000011
-10011011100001010 (base 2) to base 11
-54908
Convert -110000020022 (base 3) to base 16.
-39b4e
What is -561383 (base 9) in base 12?
-1422b6
73750 (base 15) to base 11
230104
What is 406631 (base 9) in base 15?
4b674
Convert -60520443 (base 7) to base 4.
-103030012302
Convert 3113333 (base 4) to base 3.
200221222
Convert 2121333 (base 5) to base 8.
106003
Convert -5ab612 (base 12) to base 9.
-2682345
10130203 (base 6) to base 7
2323236
What is 1474713 (base 10) in base 15?
1e1e43
What is -2211000102 (base 3) in base 5?
-3233130
-1034452 (base 7) to base 5
-13021312
-15a44 (base 15) to base 2
-10001000010110110
-6b12 (base 15) to base 8
-54326
Convert -66254 (base 7) to base 3.
-211202212
Convert 2047063 (base 9) to base 15.
169376
What is 205942 (base 10) in base 15?
41047
Convert -1000000100110100111 (base 2) to base 9.
-442876
Convert -323312331120 (base 4) to base 15.
-159e573
12122221121202 (base 3) to base 14
585193
What is -120020002210 (base 3) in base 11?
-19518a
What is -303033200322 (base 4) in base 8?
-63174072
-20111021102 (base 3) to base 15
-27cd5
What is -12065600 (base 7) in base 11?
-674946
Convert -1111433340 (base 6) to base 13.
-268460a
-a8cb8 (base 16) to base 6
-22452504
Convert -12000043 (base 6) to base 15.
-75900
-1157474 (base 10) to base 8
-4324542
10de3 (base 15) to base 10
53763
What is -3ac689 (base 16) in base 10?
-3851913
What is 18c57c (base 14) in base 5?
211113140
-30119 (base 14) to base 10
-115467
c17b (base 13) to base 10
26635
-5152513 (base 6) to base 3
-110121102000
Convert 2030503 (base 6) to base 3.
11221120210
Convert 10398296 (base 10) to base 8.
47525130
Convert 2a499c (base 13) to base 8.
3754452
Convert -142314223 (base 5) to base 2.
-10110101110111101010
6c0b39 (base 16) to base 10
7080761
Convert -1021045 (base 7) to base 4.
-131333023
Convert 373aa5 (base 11) to base 2.
10010000010001101110
What is 59b04a (base 13) in base 10?
2137743
What is 23355402 (base 8) in base 2?
10011011101101100000010
What is 2315938 (base 11) in base 12?
1432bb9
Convert 1200222231 (base 5) to base 15.
39277b
Convert -456b56 (base 12) to base 4.
-10033033302
10cba (base 13) to base 15
9197
Convert -1d187 (base 14) to base 6.
-1332243
-13ba26e (base 15) to base 13
-2c53838
Convert 200424 (base 10) to base 11.
127644
What is 2924458 (base 10) in base 14?
561a9c
Convert -1247245 (base 9) to base 12.
-28a195
What is -1346030 (base 9) in base 6?
-23502213
Convert 4022244 (base 5) to base 15.
13eb9
-31143444 (base 5) to base 7
-2114501
What is 12354116 (base 9) in base 12?
2042313
Convert 544b78 (base 12) to base 11.
832586
What is -2020230113 (base 4) in base 5?
-120404040
Convert -778859 (base 12) to base 10.
-1902021
3b5160 (base 13) to base 2
101011111011000110010
400042334 (base 5) to base 16
17e2a0
-42357 (base 8) to base 6
-213411
What is 1306815 (base 12) in base 14?
6d661b
-46404625 (base 7) to base 10
-4068979
-6073 (base 13) to base 11
-9a7a
Convert 1013011010 (base 4) to base 8.
1070504
What is -43332 (base 6) in base 2?
-1011101001000
What is -101112011202 (base 3) in base 13?
-733a9
283571 (base 9) to base 10
173242
What is 21310122 (base 6) in base 10?
631202
What is 13342541 (base 7) in base 16?
12e1e3
Convert -603261 (base 7) to base 4.
-120321330
-15352354 (base 6) to base 4
-2010231232
Convert -17439c (base 15) to base 7.
-12405561
What is 7905 (base 15) in base 12?
12a1b
Convert 16730412 (base 10) to base 5.
13240333122
Convert -868075 (base 9) to base 12.
-20b6a2
-2312231033 (base 4) to base 5
-142421432
Convert 1236a2 (base 16) to base 13.
32a3c0
Convert -12466363 (base 7) to base 10.
-1142725
What is -1245512 (base 8) in base 6?
-11234134
What is 404122300 (base 6) in base 14?
cc059a
Convert 2084781 (base 10) to base 16.
1fcfad
Convert 100001010000001110011 (base 2) to base 6.
35204403
What is -100011110001100011 (base 2) in base 8?
-436143
What is 435a79 (base 11) in base 14?
14195c
3097177 (base 13) to base 6
1244113254
Convert 351824a (base 12) to base 10.
10237018
What is -16468 (base 12) in base 13?
-115c1
What is -529782 (base 14) in base 5?
-1203322014
What is -1d59a1 (base 15) in base 13?
-3b3b3c
What is 3413323 (base 5) in base 2?
1110110000101111
-10000110001111010110101 (base 2) to base 16
-431eb5
-1100011100100 (base 2) to base 13
-2b92
Convert 434532 (base 6) to base 12.
18a48
2232203133 (base 4) to base 3
1100022202120
What is 25788 (base 15) in base 10?
119828
-c1c20 (base 13) to base 7
-2643420
Convert -784a54 (base 14) to base 13.
-b0052c
What is -985594 (base 13) in base 16?
-36a87c
2122111202201 (base 3) to base 5
330020104
What is 433243213 (base 6) in base 3?
112112012110000
1062413 (base 9) to base 3
1002002110110
What is -5127051 (base 9) in base 13?
-749881
Convert -1252417 (base 8) to base 4.
-1111110033
What is 4514133 (base 6) in base 7?
1635624
Convert -491743 (base 10) to base 12.
-1b86a7
Convert 37cab (base 15) to base 14.
49001
Convert -2242002432 (base 5) to base 7.
-60524303
Convert -67474 (base 15) to base 12.
-13a054
What is 29a909 (base 12) in base 15?
dd3d3
What is -252267 (base 13) in base 7?
-10365234
132444122 (base 5) to base 8
2440053
What is -100011011111110111 (base 2) in base 13?
-51247
Convert -601644 (base 13) to base 6.
-115452453
What is 124505264 (base 7) in base 13?
185cc21
-1132322203 (base 5) to base 12
-a64467
1a29a1 (base 12) to base 6
13514321
What is -113021033211 (base 4) in base 14?
-b3d0d7
-201102210000010 (base 3) to base 12
-3561670
-291a17 (base 14) to base 7
-15056530
What is -484556 (base 12) in base 11?
-72924a
4b543 (base 13) to base 15
2b426
What is 126155160 (base 7) in base 4?
133011112233
What is -221200220202 (base 3) in base 10?
-505865
Convert -8107148 (base 9) to base 14.
-804b5b
-1102212121 (base 3) to base 2
-110111010110011
What is 2a143 (base 14) in base 15?
20e87
Convert -392690 (base 12) to base 14.
-1a595a
-1212035 (base 6) to base 2
-1111100111010111
-315353 (base 7) to base 3
-2210001202
Convert 12021121211 (base 3) to base 16.
19624
-17885b (base 16) to base 12
-6245b7
Convert 1330422505 (base 6) to base 16.
f3ff89
What is -136224506 (base 7) in base 3?
-121220022010002
1ac8208 (base 13) to base 7
135436445
What is -1111020110211 (base 3) in base 15?
-109a2a
Convert -1020104424 (base 5) to base 16.
-203e5a
What is 128c80c (base 14) in base 12?
2bb5810
-793397 (base 10) to base 11
-4a2100
What is -5625244 (base 7) in base 15?
-db224
What is -8ad92 (base 15) in base 2?
-1101011110111010100
230321213323 (base 4) to base 3
211010222220101
What is -10100011110010101110